{"id":2671,"date":"2024-05-24T12:03:28","date_gmt":"2024-05-24T10:03:28","guid":{"rendered":"https:\/\/plateformeviolencesffpe.org\/?page_id=2671"},"modified":"2024-12-05T10:54:16","modified_gmt":"2024-12-05T09:54:16","slug":"violences-au-travail-et-dans-lespace-public","status":"publish","type":"page","link":"https:\/\/plateformeviolencesffpe.org\/index.php\/le-portail-de-ressources-agir-contre-les-violences\/connaitre-et-comprendre-la-mecanique-des-violences-sexistes-et-sexuelles\/violences-au-travail-et-dans-lespace-public\/","title":{"rendered":"Violences au travail et dans l&rsquo;espace public"},"content":{"rendered":"\n<p class=\"has-text-align-center\" style=\"font-size:20px\"><a href=\"https:\/\/plateformeviolencesffpe.org\/index.php\/le-portail-de-ressources-agir-contre-les-violences\/connaitre-et-comprendre-la-mecanique-des-violences-sexistes-et-sexuelles\/\" data-type=\"page\" data-id=\"146\">Retour<\/a><\/p>\n\n\n\n<h1 class=\"wp-block-heading has-text-align-left has-raft-fg-alt-color has-custom-comprendre-sexisme-background-color has-text-color has-background has-link-color has-x-large-font-size wp-elements-d3750f11b6a39f5a1d6f4c73516b3a02\" style=\"padding-top:var(--wp--preset--spacing--30);padding-right:var(--wp--preset--spacing--40);padding-bottom:var(--wp--preset--spacing--30);padding-left:var(--wp--preset--spacing--40)\">Violences au travail et dans l&rsquo;espace public<\/h1>\n\n\n\n<div class=\"wp-block-group has-custom-fond-comprendre-sexisme-background-color has-background is-layout-constrained wp-block-group-is-layout-constrained\" style=\"margin-top:var(--wp--preset--spacing--60);margin-bottom:var(--wp--preset--spacing--60);padding-top:var(--wp--preset--spacing--40);padding-bottom:var(--wp--preset--spacing--40)\">\n<div class=\"wp-block-buttons is-vertical is-nowrap is-layout-flex wp-container-core-buttons-is-layout-3655d5c7 wp-block-buttons-is-layout-flex\">\n<div class=\"wp-block-button is-style-outline is-style-outline--1\"><a class=\"wp-block-button__link has-custom-comprendre-sexisme-color has-text-color has-link-color wp-element-button\" href=\"https:\/\/plateformeviolencesffpe.org\/wp-content\/uploads\/2024\/05\/livret-harcelement-sexuel-au-travail_2020.pdf\" target=\"_blank\" rel=\"noreferrer noopener\">Livret de formation contre le harc\u00e8lement sexuel au travail<\/a><\/div>\n\n\n\n<div class=\"wp-block-button is-style-outline is-style-outline--2\"><a class=\"wp-block-button__link has-custom-comprendre-sexisme-color has-text-color has-link-color wp-element-button\" href=\"https:\/\/plateformeviolencesffpe.org\/wp-content\/uploads\/2024\/05\/sig-levonslesyeux.pdf\" target=\"_blank\" rel=\"noreferrer noopener\">Guide pratique contre les violences sexistes et sexuelles dans les transports en commun<\/a><\/div>\n\n\n\n<div class=\"wp-block-button is-style-outline is-style-outline--3\"><a class=\"wp-block-button__link has-custom-comprendre-sexisme-color has-text-color has-link-color wp-element-button\" href=\"https:\/\/view.genially.com\/633461057c260e001912e667\/presentation-malle-syndicats\">Malle ressources \u00e9galit\u00e9 \u00e0 destination des syndicats &#8211; centre Hubertine Auclert<\/a><\/div>\n<\/div>\n<\/div>\n\n\n\n<p class=\"has-text-align-center\" style=\"font-size:20px\"><a href=\"https:\/\/plateformeviolencesffpe.org\/index.php\/le-portail-de-ressources-agir-contre-les-violences\/connaitre-et-comprendre-la-mecanique-des-violences-sexistes-et-sexuelles\/\" data-type=\"page\" data-id=\"146\">Retour<\/a><\/p>\n","protected":false},"excerpt":{"rendered":"<p>Retour Violences au travail et dans l&rsquo;espace public Retour<\/p>\n","protected":false},"author":1,"featured_media":0,"parent":146,"menu_order":0,"comment_status":"closed","ping_status":"closed","template":"","meta":{"iawp_total_views":18,"footnotes":""},"class_list":["post-2671","page","type-page","status-publish","hentry"],"_links":{"self":[{"href":"https:\/\/plateformeviolencesffpe.org\/index.php\/wp-json\/wp\/v2\/pages\/2671","targetHints":{"allow":["GET"]}}],"collection":[{"href":"https:\/\/plateformeviolencesffpe.org\/index.php\/wp-json\/wp\/v2\/pages"}],"about":[{"href":"https:\/\/plateformeviolencesffpe.org\/index.php\/wp-json\/wp\/v2\/types\/page"}],"author":[{"embeddable":true,"href":"https:\/\/plateformeviolencesffpe.org\/index.php\/wp-json\/wp\/v2\/users\/1"}],"replies":[{"embeddable":true,"href":"https:\/\/plateformeviolencesffpe.org\/index.php\/wp-json\/wp\/v2\/comments?post=2671"}],"version-history":[{"count":9,"href":"https:\/\/plateformeviolencesffpe.org\/index.php\/wp-json\/wp\/v2\/pages\/2671\/revisions"}],"predecessor-version":[{"id":3312,"href":"https:\/\/plateformeviolencesffpe.org\/index.php\/wp-json\/wp\/v2\/pages\/2671\/revisions\/3312"}],"up":[{"embeddable":true,"href":"https:\/\/plateformeviolencesffpe.org\/index.php\/wp-json\/wp\/v2\/pages\/146"}],"wp:attachment":[{"href":"https:\/\/plateformeviolencesffpe.org\/index.php\/wp-json\/wp\/v2\/media?parent=2671"}],"curies":[{"name":"wp","href":"https:\/\/api.w.org\/{rel}","templated":true}]}}

<p class="has-text-align-center" style="font-size:20px"><a href="https://plateformeviolencesffpe.org/index.php/le-portail-de-ressources-agir-contre-les-violences/connaitre-et-comprendre-la-mecanique-des-violences-sexistes-et-sexuelles/" data-type="page" data-id="146">Retour</a></p>



<h1 class="wp-block-heading has-text-align-left has-raft-fg-alt-color has-custom-comprendre-sexisme-background-color has-text-color has-background has-link-color has-x-large-font-size wp-elements-d3750f11b6a39f5a1d6f4c73516b3a02" style="padding-top:var(--wp--preset--spacing--30);padding-right:var(--wp--preset--spacing--40);padding-bottom:var(--wp--preset--spacing--30);padding-left:var(--wp--preset--spacing--40)">Violences au travail et dans l&rsquo;espace public</h1>



<div class="wp-block-group has-custom-fond-comprendre-sexisme-background-color has-background is-layout-constrained wp-block-group-is-layout-constrained" style="margin-top:var(--wp--preset--spacing--60);margin-bottom:var(--wp--preset--spacing--60);padding-top:var(--wp--preset--spacing--40);padding-bottom:var(--wp--preset--spacing--40)">
<div class="wp-block-buttons is-vertical is-nowrap is-layout-flex wp-container-core-buttons-is-layout-3655d5c7 wp-block-buttons-is-layout-flex">
<div class="wp-block-button is-style-outline is-style-outline--1"><a class="wp-block-button__link has-custom-comprendre-sexisme-color has-text-color has-link-color wp-element-button" href="https://plateformeviolencesffpe.org/wp-content/uploads/2024/05/livret-harcelement-sexuel-au-travail_2020.pdf" target="_blank" rel="noreferrer noopener">Livret de formation contre le harcèlement sexuel au travail</a></div>



<div class="wp-block-button is-style-outline is-style-outline--2"><a class="wp-block-button__link has-custom-comprendre-sexisme-color has-text-color has-link-color wp-element-button" href="https://plateformeviolencesffpe.org/wp-content/uploads/2024/05/sig-levonslesyeux.pdf" target="_blank" rel="noreferrer noopener">Guide pratique contre les violences sexistes et sexuelles dans les transports en commun</a></div>



<div class="wp-block-button is-style-outline is-style-outline--3"><a class="wp-block-button__link has-custom-comprendre-sexisme-color has-text-color has-link-color wp-element-button" href="https://view.genially.com/633461057c260e001912e667/presentation-malle-syndicats">Malle ressources égalité à destination des syndicats &#8211; centre Hubertine Auclert</a></div>
</div>
</div>



<p class="has-text-align-center" style="font-size:20px"><a href="https://plateformeviolencesffpe.org/index.php/le-portail-de-ressources-agir-contre-les-violences/connaitre-et-comprendre-la-mecanique-des-violences-sexistes-et-sexuelles/" data-type="page" data-id="146">Retour</a></p>
